by 192?
82
Calculate the remainder when 17314 is divided by 140.
94
What is the remainder when 194771 is divided by 243?
128
Calculate the remainder when 7516356 is divided by 739.
726
Calculate the remainder when 27916851 is divided by 13958416.
19
What is the remainder when 94672 is divided by 4978?
90
What is the remainder when 37493152 is divided by 18746574?
4
Calculate the remainder when 19830 is divided by 1541.
1338
What is the remainder when 16438 is divided by 498?
4
Calculate the remainder when 954574 is divided by 15.
4
What is the remainder when 1073866533 is divided by 9?
6
Calculate the remainder when 1522435 is divided by 187.
68
Calculate the remainder when 29490277 is divided by 7.
5
Calculate the remainder when 81212 is divided by 38294.
4624
What is the remainder when 17392654 is divided by 2174080?
14
Calculate the remainder when 64691615 is divided by 2238.
2225
What is the remainder when 20997 is divided by 172?
13
Calculate the remainder when 89663 is divided by 66.
35
What is the remainder when 14835168 is divided by 9272?
9240
What is the remainder when 455625 is divided by 454962?
663
What is the remainder when 136524 is divided by 268?
112
Calculate the remainder when 15470189 is divided by 100.
89
Calculate the remainder when 22908575 is divided by 19.
9
What is the remainder when 7593695 is divided by 222?
185
Calculate the remainder when 599853407 is divided by 352.
351
What is the remainder when 10823822 is divided by 40691?
16
What is the remainder when 982329 is divided by 11291?
12
What is the remainder when 3749110 is divided by 306?
304
Calculate the remainder when 309142574 is divided by 1351.
1350
Calculate the remainder when 14600950 is divided by 44515.
30
Calculate the remainder when 664156 is divided by 2044.
1900
Calculate the remainder when 10468895 is divided by 7636.
7575
Calculate the remainder when 406579 is divided by 135525.
4
Calculate the remainder when 588876 is divided by 2231.
2123
What is the remainder when 86013 is divided by 556?
389
Calculate the remainder when 35715 is divided by 177.
138
Calculate the remainder when 410517788 is divided by 72.
68
Calculate the remainder when 119133 is divided by 424.
413
What is the remainder when 35373201 is divided by 35?
31
What is the remainder when 1256 is divided by 490?
276
Calculate the remainder when 180387 is divided by 635.
47
What is the remainder when 219969 is divided by 109888?
193
What is the remainder when 1529344 is divided by 963?
100
Calculate the remainder when 13394 is divided by 294.
164
What is the remainder when 7551786 is divided by 1510355?
11
Calculate the remainder when 60817428 is divided by 9397.
44
What is the remainder when 2109461 is divided by 4096?
21
Calculate the remainder when 8678902 is divided by 1230.
22
What is the remainder when 712397 is divided by 885?
857
Calculate the remainder when 26820825 is divided by 8940248.
81
What is the remainder when 2652040 is divided by 810?
100
What is the remainder when 1945286 is divided by 584?
566
Calculate the remainder when 2665100 is divided by 1332544.
12
What is the remainder when 54649939 is divided by 11?
3
What is the remainder when 1730486 is divided by 268?
10
Calculate the remainder when 1017174 is divided by 506289.
4596
What is the remainder when 98837 is divided by 13817?
2118
What is the remainder when 74362019 is divided by 18590501?
15
Calculate the remainder when 51399 is divided by 51237.
162
What is the remainder when 163757 is divided by 79?
69
What is the remainder when 9712085 is divided by 24?
5
Calculate the remainder when 78013835 is divided by 4197.
4196
Calculate the remainder when 6537940 is divided by 738.
736
What is the remainder when 101069 is divided by 48969?
3131
What is the remainder when 97431 is divided by 2017?
615
Calculate the remainder when 1124876 is divided by 931.
228
Calculate the remainder when 98902 is divided by 49269.
364
What is the remainder when 839808 is divided by 1300?
8
What is the remainder when 53048 is divided by 816?
8
Calculate the remainder when 231851733 is divided by 231851726.
7
Calculate the remainder when 49830110 is divided by 24915031.
48
Calculate the remainder when 333203 is divided by 8539.
182
Calculate the remainder when 46316898 is divided by 746.
742
Calculate the remainder when 338624 is divided by 2920.
2824
Calculate the remainder when 7554876 is divided by 198812.
20
Calculate the remainder when 1095691 is divided by 136958.
27
Calculate the remainder when 14651 is divided by 521.
63
What is the remainder when 868966 is divided by 1048?
174
Calculate the remainder when 55260 is divided by 9173.
222
What is the remainder when 29759531 is divided by 76898?
5
Calculate the remainder when 111322311 is divided by 361.
19
What is the remainder when 99445721 is divided by 5?
1
Calculate the remainder when 813820 is divided by 101692.
284
What is the remainder when 1059082 is divided by 25216?
10
Calculate the remainder when 19520 is divided by 19454.
66
What is the remainder when 6477292 is divided by 809627?
276
Calculate the remainder when 10926355 is divided by 15.
10
Calculate the remainder when 1865231 is divided by 68.
59
What is the remainder when 262920 is divided by 169?
125
What is the remainder when 4210811 is divided by 1403529?
224
Calculate the remainder when 944237 is divided by 384.
365
Calculate the remainder when 216342319 is divided by 1673.
1670
What is the remainder when 21138660 is divided by 701?
5
What is the remainder when 19380 is divided by 1273?
285
What is the remainder when 3560599 is divided by 3560588?
11
What is the remainder when 37496723 is divided by 12294?
23
What is the remainder when 306568 is divided by 9580?
8
Calculate the remainder when 428526 is divided by 22.
10
Calculate the remainder when 136220 is divided by 490.
0
Calculate the remainder when 10483980 is divided by 2127.
2124
Calculate the remainder when 573766 is divided by 1261.
11
What is the remainder when 266892516 is divided by 8?
4
Calculate the remainder when 8762702 is divided by 29805.
32
Calculate the remainder when 130564 is divided by 7243.
190
What is the remainder when 115355 is divided by 57629?
97
What is the remainder when 188384741 is divided by 1222?
1221
What is the remainder when 11358114 is divided by 15863?
206
What is the remainder when 187174 is divided by 3227?
8
Calculate the remainder when 158651 is divided by 78709.
1233
What is the remainder when 1754307 is divided by 92?
51
What is the remainder when 264418265 is divided by 5289?
5288
What is the remainder when 20747806 is divided by 58?
46
What is the remainder when 227134 is divided by 45404?
114
What is the remainder when 254187 is divided by 12999?
7206
Calculate the remainder when 182794 is divided by 85.
44
Calculate the remainder when 1101426 is divided by 18668.
14
Calculate the remainder when 248250 is divided by 283.
59
What is the remainder when 747857 is divided by 747717?
140
Calculate the remainder when 41840974 is divided by 18.
10
Calculate the remainder when 137363 is divided by 8549.
579
Calculate the remainder when 28451609 is divided by 29453.
11
What is the remainder when 6905865 is divided by 93319?
259
What is the remainder when 58187 is divided by 4834?
179
What is the remainder when 190122 is divided by 3155?
822
Calculate the remainder when 5329203 is divided by 837.
24
Calculate the remainder when 169777 is divided by 8487.
37
Calculate the remainder when 131087 is divided by 797.
379
Calculate the remainder when 1170176 is divided by 99.
95
Calculate the remainder when 323217844 is divided by 21153.
4
What is the remainder when 85467247 is divided by 55?
52
What is the remainder when 1189045 is divided by 396344?
13
What is the remainder when 114448 is divided by 4879?
2231
Calculate the remainder when 84635 is divided by 2019.
1856
Calculate the remainder when 9127 is divided by 7291.
1836
Calculate the remainder when 124875 is divided by 11323.
322
What is the remainder when 60729 is divided by 13?
6
What is the remainder when 3134244 is divided by 63?
57
Calculate the remainder when 4863847 is divided by 559.
547
What is the remainder when 37867396 is divided by 12622460?
16
Calcu